{"id":105,"date":"2018-06-21T11:29:46","date_gmt":"2018-06-21T11:29:46","guid":{"rendered":"http:\/\/owi-pilicka.psoni.org.pl\/?page_id=105"},"modified":"2019-01-03T17:08:26","modified_gmt":"2019-01-03T15:08:26","slug":"nasza-historia","status":"publish","type":"page","link":"https:\/\/owi-pilicka.psoni.org.pl\/?page_id=105","title":{"rendered":"Nasza historia"},"content":{"rendered":"<p style=\"text-align: justify;\">Pierwszy w Polsce O\u015brodek Wczesnej Interwencji powsta\u0142 w styczniu 1978 roku w odpowiedzi na zapotrzebowanie\u00a0 rodzic\u00f3w niepe\u0142nosprawnych dzieci.<\/p>\n<p style=\"text-align: justify;\">Powstanie O\u015brodka by\u0142o poprzedzone organizowanymi przez Sekretarz ZG TPD Krystyn\u0119 Mrugalsk\u0105 turnusami rehabilitacyjnymi. Program turnus\u00f3w odpowiada\u0142 potrzebom zg\u0142aszanym przez setki rodzic\u00f3w, tzn. umo\u017cliwia\u0142 kontakt z zespo\u0142em sk\u0142adaj\u0105cym si\u0119 z lekarza neurologa, psychiatry, fizjoterapeuty, logopedy, psychologa klinicznego. Rodzice otrzymywali kompleksow\u0105 diagnoz\u0119 oraz program terapeutyczny i wskaz\u00f3wki do jego realizacji.<\/p>\n<p style=\"text-align: justify;\">Pocz\u0105tkowo, od stycznia 1978 roku, rodzice wraz z dzie\u0107mi przyjmowani byli \u00a0przez specjalist\u00f3w po po\u0142udniu w pomieszczeniach biurowych\u00a0 ZG TPD. Jeszcze w tym samym roku OWI przeni\u00f3s\u0142 si\u0119 do Instytutu Psychiatrii i Neurologii. We wrze\u015bniu 1993 r. O\u015brodek otrzyma\u0142 w\u0142asny budynek \u2013 w Warszawie, przy ulicy Pilickiej 21. Wsp\u00f3\u0142organizatorem O\u015brodka, jego pracownikiem i wieloletnim dyrektorem by\u0142a mgr Zofia Paku\u0142a specjalista rehabilitacji i psycholog. W latach 2000 -2014 dyrektorem OWI by\u0142a \u015bp Monika Kastory &#8211; Bronowska. Od pocz\u0105tku swojego istnienia OWI udzieli\u0142 pomocy kilkunastu tysi\u0105com rodzin i przeszkoli\u0142 wielu lekarzy, psycholog\u00f3w oraz student\u00f3w rehabilitacji, pedagogiki specjalnej i logoped\u00f3w. Wypracowa\u0142 standard wielospecjalistycznej, kompleksowej pomocy dzieciom z zaburzeniami rozwoju psychoruchowego i ich rodzin. Sta\u0142 si\u0119 modelem dla wielu nowopowstaj\u0105cych o\u015brodk\u00f3w. Obecnie pomagamy ponad 1700 rodzinom w ci\u0105gu roku. Zesp\u00f3\u0142 pracownik\u00f3w liczy 76 os\u00f3b.<\/p>\n<p style=\"text-align: justify;\">Aktualnym dyrektorem O\u015brodka jest mgr Dorota Szumbarska- psycholog kliniczny.<\/p>\n","protected":false},"excerpt":{"rendered":"<p>Pierwszy w Polsce O\u015brodek Wczesnej Interwencji powsta\u0142 w styczniu 1978 roku w odpowiedzi na zapotrzebowanie\u00a0 rodzic\u00f3w niepe\u0142nosprawnych dzieci. Powstanie O\u015brodka by\u0142o poprzedzone organizowanymi przez Sekretarz ZG TPD Krystyn\u0119 Mrugalsk\u0105 turnusami rehabilitacyjnymi. Program turnus\u00f3w odpowiada\u0142 potrzebom zg\u0142aszanym przez setki rodzic\u00f3w, tzn. umo\u017cliwia\u0142 kontakt z zespo\u0142em sk\u0142adaj\u0105cym si\u0119 z lekarza neurologa, psychiatry, [&hellip;]<\/p>\n","protected":false},"author":1,"featured_media":13,"parent":0,"menu_order":0,"comment_status":"closed","ping_status":"closed","template":"","meta":{"footnotes":""},"class_list":["post-105","page","type-page","status-publish","has-post-thumbnail","hentry"],"_links":{"self":[{"href":"https:\/\/owi-pilicka.psoni.org.pl\/index.php?rest_route=\/wp\/v2\/pages\/105","targetHints":{"allow":["GET"]}}],"collection":[{"href":"https:\/\/owi-pilicka.psoni.org.pl\/index.php?rest_route=\/wp\/v2\/pages"}],"about":[{"href":"https:\/\/owi-pilicka.psoni.org.pl\/index.php?rest_route=\/wp\/v2\/types\/page"}],"author":[{"embeddable":true,"href":"https:\/\/owi-pilicka.psoni.org.pl\/index.php?rest_route=\/wp\/v2\/users\/1"}],"replies":[{"embeddable":true,"href":"https:\/\/owi-pilicka.psoni.org.pl\/index.php?rest_route=%2Fwp%2Fv2%2Fcomments&post=105"}],"version-history":[{"count":3,"href":"https:\/\/owi-pilicka.psoni.org.pl\/index.php?rest_route=\/wp\/v2\/pages\/105\/revisions"}],"predecessor-version":[{"id":214,"href":"https:\/\/owi-pilicka.psoni.org.pl\/index.php?rest_route=\/wp\/v2\/pages\/105\/revisions\/214"}],"wp:featuredmedia":[{"embeddable":true,"href":"https:\/\/owi-pilicka.psoni.org.pl\/index.php?rest_route=\/wp\/v2\/media\/13"}],"wp:attachment":[{"href":"https:\/\/owi-pilicka.psoni.org.pl\/index.php?rest_route=%2Fwp%2Fv2%2Fmedia&parent=105"}],"curies":[{"name":"wp","href":"https:\/\/api.w.org\/{rel}","templated":true}]}}