{"id":278,"date":"2019-09-02T11:56:53","date_gmt":"2019-09-02T09:56:53","guid":{"rendered":"https:\/\/owi-pilicka.psoni.org.pl\/?page_id=278"},"modified":"2019-09-02T11:59:58","modified_gmt":"2019-09-02T09:59:58","slug":"informacja-dla-nadawcow-odbiorcow-korespondencji","status":"publish","type":"page","link":"https:\/\/owi-pilicka.psoni.org.pl\/?page_id=278","title":{"rendered":"Informacja dla Nadawc\u00f3w\/Odbiorc\u00f3w korespondencji"},"content":{"rendered":"\n<p>Zgodnie z art. 13 ust. 1 i 2 Rozporz\u0105dzenia Parlamentu Europejskiego i Rady (UE) 2016\/679 z dnia 27 kwietnia 2016 r. w sprawie ochrony os\u00f3b fizycznych w zwi\u0105zku z przetwarzaniem danych osobowych i w sprawie swobodnego przep\u0142ywu takich danych oraz uchylenia dyrektywy 95\/46\/WE (og\u00f3lne rozporz\u0105dzenie o ochronie danych) (Dz. U. UE. L. z 2016 r. Nr 119, str. 1 z p\u00f3\u017an. zm.), dalej <strong>RODO<\/strong>, informujemy, \u017ce:<\/p>\n\n\n\n<ol class=\"wp-block-list\"><li><strong>Administrator\ndanych osobowych <\/strong><\/li><\/ol>\n\n\n\n<p>Administratorem Pani\/Pana danych osobowych jest <strong>Polskie Stowarzyszenie na rzecz Os\u00f3b z Niepe\u0142nosprawno\u015bci\u0105 Intelektualn\u0105 z siedzib\u0105 w Warszawie przy ul. G\u0142ogowej 2B (02-639 Warszawa), <\/strong>wpisan\u0105 do Rejestru Stowarzysze\u0144, innych organizacji spo\u0142ecznych i zawodowych, fundacji oraz publicznych zak\u0142ad\u00f3w opieki zdrowotnej, Krajowego Rejestru S\u0105dowego prowadzonego pod numerem KRS 0000162757, REGON: 012059870, NIP: 5211091628, realizuj\u0105ce swoje statutowe cele r\u00f3wnie\u017c w\u00a0ramach jednostki organizacyjnej \u201e<strong>O\u015brodek Wczesnej Interwencji<\/strong>\u201d \u00a0z siedzib\u0105 przy ul.\u00a0Pilickiej 21\u00a0w\u00a0Warszawie (kod 02-613), zwan\u0105 dalej \u201e <strong>PSONI &#8211; OWI\u201d<\/strong>.<\/p>\n\n\n\n<p>W przypadku pyta\u0144 dotycz\u0105cych\nprzetwarzania danych osobowych mo\u017ce Pani\/Pan skontaktowa\u0107 si\u0119 <br>\nz nami pod adresem siedziby PSONI \u2013 OWI. Nale\u017cy w\u00f3wczas poda\u0107 swoje imi\u0119 i\nnazwisko oraz adres zamieszkania w celu prawid\u0142owego zidentyfikowania osoby,\nkt\u00f3rej dane dotycz\u0105 oraz udzielenia odpowiedzi na tre\u015b\u0107 zg\u0142oszenia. W razie\nw\u0105tpliwo\u015bci co do Pani\/Pana to\u017csamo\u015bci mo\u017cemy poprosi\u0107 Pani\u0105\/Pana o podanie\ndodatkowych informacji, np. numeru PESEL.<\/p>\n\n\n\n<p>Mo\u017ce Pani\/Pan tak\u017ce skontaktowa\u0107 si\u0119 z naszym Inspektorem\nOchrony Danych:<\/p>\n\n\n\n<ul class=\"wp-block-list\"><li>pisemnie\n     pod&nbsp;wy\u017cej wskazanym adresem<\/li><li>elektronicznie\n     pod&nbsp;adresem e-mail:&nbsp;<a href=\"mailto:iod.owi@psoni.org.pl\">iod.owi@psoni.org.pl<\/a><\/li><li><strong>Podstawy i cele przetwarzania\nPani\/Pana danych osobowych<\/strong><\/li><\/ul>\n\n\n\n<p>Pani\/Pana dane osobowe b\u0119d\u0105\nprzetwarzane w zakresie odnosz\u0105cych si\u0119 do nadawc\u00f3w i adresat\u00f3w korespondencji,\nw tym r\u00f3wnie\u017c danych os\u00f3b fizycznych reprezentuj\u0105cych te podmioty, z uwagi na\nobs\u0142ug\u0119 korespondencji, a tak\u017ce w przypadkach uzasadnionych \u2013 w zwi\u0105zku z\nudzieleniem odpowiedzi na Pani\/Pana wiadomo\u015bci (art. 6 ust. 1 lit. f RODO).<\/p>\n\n\n\n<p>Pani\/Pana dane nie b\u0119d\u0105 podlega\u0107\nzautomatyzowanemu podejmowaniu decyzji, w tym profilowaniu, o kt\u00f3rym mowa w\nart. 22 ust. 1 RODO.<\/p>\n\n\n\n<ol class=\"wp-block-list\"><li><strong>Przekazywanie Pani\/Pana danych osobowych\ninnym podmiotom<\/strong><\/li><\/ol>\n\n\n\n<p>Pani\/Pana dane osobowe mog\u0105 by\u0107\nujawniane podmiotom wspieraj\u0105cym dzia\u0142ania PSONI &#8211; OWI, tj.&nbsp; serwisanci i dostawcy system\u00f3w\ninformatycznych, w tym urz\u0105dze\u0144 informatycznych na kt\u00f3rych te dane s\u0105\nprzetwarzane, kancelarie prawne i podatkowe, firmy consultingowe i audytorzy,\noperatorzy pocztowi i firmy kurierskie, dostawcy serwer\u00f3w, w tym firmy\nobs\u0142uguj\u0105ce te serwery, firmy windykacyjne.<\/p>\n\n\n\n<p>Ponadto, Pani\/Pana dane mog\u0105 by\u0107 udost\u0119pniane tak\u017ce innym\npodmiotom, gdy:<\/p>\n\n\n\n<ul class=\"wp-block-list\"><li>obowi\u0105zek ich przekazania wynika z przepis\u00f3w prawa;<\/li><li>jest to nasz prawnie uzasadniony interes lub podmiotu\n     trzeciego;<\/li><li>udzieli nam Pani\/Pan na to zgod\u0119.<\/li><\/ul>\n\n\n\n<p>Ka\u017cdorazowo zapewnimy, a\u017ceby\nzakres ujawnianych informacji tym podmiotom by\u0142 adekwatny <br>\ni niezb\u0119dny do realizacji za\u0142o\u017conych cel\u00f3w. <\/p>\n\n\n\n<p>Pani\/Pana dane osobowe nie b\u0119d\u0105\ntransferowane poza Europejski Obszar Gospodarczy.<\/p>\n\n\n\n<ol class=\"wp-block-list\"><li><strong>Okres\nprzechowywania Pani\/Pana danych osobowych<\/strong><\/li><\/ol>\n\n\n\n<p>Pani\/Pana dane osobowe b\u0119d\u0105\nprzechowywane przez okres niezb\u0119dny do udzielenia odpowiedzi na kierowan\u0105\nkorespondencj\u0119 oraz przez okres przewidziany w przepisach prawa dotycz\u0105cych\nprzechowywania okre\u015blonych dokument\u00f3w. Ponadto Pani\/Pana dane osobowe mog\u0105 by\u0107\nprzechowywane dla cel\u00f3w ustalenia, dochodzenia lub obrony przed roszczeniami\nkierowanymi wobec PSONI &#8211; OWI, a wskazanymi\/ zawartymi w powy\u017cszej\nkorespondencji.<\/p>\n\n\n\n<ul class=\"wp-block-list\"><li><strong>Prawa\nprzys\u0142uguj\u0105ce Pani\/Panu w zwi\u0105zku z przetwarzaniem danych<\/strong><\/li><\/ul>\n\n\n\n<p>Przys\u0142uguje Pani\/Panu prawo wniesienia\nskargi do organu nadzorczego, kt\u00f3rym jest Prezes Urz\u0119du Ochrony Danych\nOsobowych.<\/p>\n\n\n\n<p>Osobie, kt\u00f3rej dane dotycz\u0105, na\nwarunkach przewidzianych w RODO, przys\u0142uguje prawo dost\u0119pu do tre\u015bci swoich\ndanych oraz prawo ich sprostowania, usuni\u0119cia, ograniczenia przetwarzania, a\ntak\u017ce <br>\nw niekt\u00f3rych sytuacjach prawo do przenoszenia danych, prawo wniesienia sprzeciwu\nwobec przetwarzania danych, w\u00f3wczas przestaniemy przetwarza\u0107 Pani\/Pana dane w\ntych celach, chyba \u017ce b\u0119dziemy w stanie wykaza\u0107, \u017ce w stosunku do tych danych\nistniej\u0105 dla nas wa\u017cne prawnie uzasadnione podstawy, kt\u00f3re s\u0105 nadrz\u0119dne wobec\nPani\/Pana interes\u00f3w, praw i wolno\u015bci, lub dane b\u0119d\u0105 nam niezb\u0119dne do\newentualnego ustalenia, dochodzenia lub obrony roszcze\u0144.\n\nPani\/Pana\nzg\u0142oszenia b\u0119d\u0105 rozpatrywane bez zb\u0119dnej zw\u0142oki, w terminie nie d\u0142u\u017cszym ni\u017c 30\ndni od otrzymania przez nas zg\u0142oszenia, a w sprawach skomplikowanych lub z\nuwagi na ilo\u015b\u0107 przekazanych nam \u017c\u0105da\u0144 termin ten mo\u017ce ulec wyd\u0142u\u017ceniu do 90\ndni. W przypadku skierowania do nas korespondencji prosimy o podanie swojego\nimienia i nazwiska oraz adresu zamieszkania, ewentualnie adresu do\nkorespondencji, w celu prawid\u0142owego zidentyfikowania Pani\/Pana osoby.\nInformujemy, \u017ce w przypadku powzi\u0119cia w\u0105tpliwo\u015bci co do autentyczno\u015bci osoby\nwyst\u0119puj\u0105cej z wnioskiem mo\u017cemy zwr\u00f3ci\u0107 si\u0119 do Pani\/Pana o podanie dodatkowych\ndanych uwierzytelniaj\u0105cych, np. numeru PESEL, lub zadzwoni\u0107 pod przekazany nam\nnumer telefonu.\n\n\n\n<\/p>\n","protected":false},"excerpt":{"rendered":"<p>Zgodnie z art. 13 ust. 1 i 2 Rozporz\u0105dzenia Parlamentu Europejskiego i Rady (UE) 2016\/679 z dnia 27 kwietnia 2016 r. w sprawie ochrony os\u00f3b fizycznych w zwi\u0105zku z przetwarzaniem danych osobowych i w sprawie swobodnego przep\u0142ywu takich danych oraz uchylenia dyrektywy 95\/46\/WE (og\u00f3lne rozporz\u0105dzenie o ochronie danych) (Dz. U. [&hellip;]<\/p>\n","protected":false},"author":1,"featured_media":160,"parent":0,"menu_order":0,"comment_status":"closed","ping_status":"closed","template":"","meta":{"footnotes":""},"class_list":["post-278","page","type-page","status-publish","has-post-thumbnail","hentry"],"_links":{"self":[{"href":"https:\/\/owi-pilicka.psoni.org.pl\/index.php?rest_route=\/wp\/v2\/pages\/278","targetHints":{"allow":["GET"]}}],"collection":[{"href":"https:\/\/owi-pilicka.psoni.org.pl\/index.php?rest_route=\/wp\/v2\/pages"}],"about":[{"href":"https:\/\/owi-pilicka.psoni.org.pl\/index.php?rest_route=\/wp\/v2\/types\/page"}],"author":[{"embeddable":true,"href":"https:\/\/owi-pilicka.psoni.org.pl\/index.php?rest_route=\/wp\/v2\/users\/1"}],"replies":[{"embeddable":true,"href":"https:\/\/owi-pilicka.psoni.org.pl\/index.php?rest_route=%2Fwp%2Fv2%2Fcomments&post=278"}],"version-history":[{"count":2,"href":"https:\/\/owi-pilicka.psoni.org.pl\/index.php?rest_route=\/wp\/v2\/pages\/278\/revisions"}],"predecessor-version":[{"id":281,"href":"https:\/\/owi-pilicka.psoni.org.pl\/index.php?rest_route=\/wp\/v2\/pages\/278\/revisions\/281"}],"wp:featuredmedia":[{"embeddable":true,"href":"https:\/\/owi-pilicka.psoni.org.pl\/index.php?rest_route=\/wp\/v2\/media\/160"}],"wp:attachment":[{"href":"https:\/\/owi-pilicka.psoni.org.pl\/index.php?rest_route=%2Fwp%2Fv2%2Fmedia&parent=278"}],"curies":[{"name":"wp","href":"https:\/\/api.w.org\/{rel}","templated":true}]}}